{"id":8732,"date":"2022-05-10T14:13:43","date_gmt":"2022-05-10T12:13:43","guid":{"rendered":"http:\/\/www.alfatecpy.com\/home\/?post_type=product&#038;p=8732"},"modified":"2022-06-21T17:52:36","modified_gmt":"2022-06-21T15:52:36","slug":"blackmagic-design-mini-convertidor-fibra-optica-12g-sdi","status":"publish","type":"product","link":"http:\/\/www.alfatecpy.com\/home\/producto\/blackmagic-design-mini-convertidor-fibra-optica-12g-sdi\/","title":{"rendered":"Blackmagic Design Mini Convertidor Fibra \u00d3ptica 12G-SDI"},"content":{"rendered":"<div>\n<div class=\"productDescription_riPByZJPqM\" data-selenium=\"overviewLongDescription\">\n<div class=\"js-injected-html text_riPByZJPqM\">\n<p>El\u00a0<b>Mini Converter Optical Fiber 12G-SDI<\/b>\u00a0de\u00a0<b>Blackmagic Design<\/b>\u00a0ofrece capacidades de conversi\u00f3n de SDI bidireccional y multitasa a fibra \u00f3ptica con total independencia en cada direcci\u00f3n y soporte para se\u00f1ales DCI 4K25 y UHD 4K60.\u00a0Este convertidor tiene un z\u00f3calo de fibra \u00f3ptica SFP (requiere un m\u00f3dulo separado), una entrada 12G\/HD\/SD-SDI y una salida 12G\/HD\/SD-SDI.\u00a0Con una tasa de 10 bits, puede aprovechar las largas tiradas de fibra y la compatibilidad con equipos HD-SDI y SD de estudio y de campo.<\/p>\n<p>Las caracter\u00edsticas incluyen detecci\u00f3n autom\u00e1tica de se\u00f1al y compatibilidad con audio integrado de hasta 16 canales.\u00a0La configuraci\u00f3n se puede cambiar f\u00e1cilmente utilizando los interruptores de funci\u00f3n diagramados o mediante el software de conversi\u00f3n compatible con macOS\/Windows.\u00a0Este convertidor compacto cuenta con una carcasa de metal resistente e incluye una fuente de alimentaci\u00f3n universal de 12 V con una conexi\u00f3n de bloqueo para mayor seguridad.<\/p>\n<\/div>\n<\/div>\n<\/div>\n<div class=\"feature_riPByZJPqM\">\n<div class=\"feature_riPByZJPqM\">\n<div class=\"feature_riPByZJPqM\">\n<div class=\"featureHeader_riPByZJPqM\">\n<h2 class=\"text_TAw0W35QK_ comfy_TAw0W35QK_ sizeTitle2_TAw0W35QK_ weightNormal_TAw0W35QK_ primary_i3MsQsqoe0\">Caracter\u00edsticas<\/h2>\n<\/div>\n<div>\n<div class=\"js-injected-html text_riPByZJPqM\">\n<ul>\n<li>Conversi\u00f3n bidireccional de SDI multitasa a fibra \u00f3ptica<\/li>\n<li>Admite se\u00f1ales de video hasta DCI 4K25 y UHD 4K60<\/li>\n<li>Detecci\u00f3n autom\u00e1tica de se\u00f1ales<\/li>\n<li>Admite audio integrado de hasta 16 canales<\/li>\n<li>Cambie la configuraci\u00f3n con los interruptores de funci\u00f3n o el software compatible con macOS\/Windows<\/li>\n<li>Fuente de alimentaci\u00f3n universal con conector de bloqueo<\/li>\n<li>Carcasa de metal resistente y compacta<\/li>\n<li>Un z\u00f3calo SFP de fibra \u00f3ptica SMPTE (requiere un m\u00f3dulo separado)<\/li>\n<li>Entrada y salida 12G\/6G\/3G-SDI<\/li>\n<\/ul>\n<\/div>\n<\/div>\n<\/div>\n<\/div>\n<\/div>\n","protected":false},"excerpt":{"rendered":"<p>*Regimen turistico<br \/>\n*No incluye IVA<\/p>\n","protected":false},"featured_media":8733,"comment_status":"open","ping_status":"closed","template":"","meta":[],"_links":{"self":[{"href":"http:\/\/www.alfatecpy.com\/home\/wp-json\/wp\/v2\/product\/8732"}],"collection":[{"href":"http:\/\/www.alfatecpy.com\/home\/wp-json\/wp\/v2\/product"}],"about":[{"href":"http:\/\/www.alfatecpy.com\/home\/wp-json\/wp\/v2\/types\/product"}],"replies":[{"embeddable":true,"href":"http:\/\/www.alfatecpy.com\/home\/wp-json\/wp\/v2\/comments?post=8732"}],"wp:featuredmedia":[{"embeddable":true,"href":"http:\/\/www.alfatecpy.com\/home\/wp-json\/wp\/v2\/media\/8733"}],"wp:attachment":[{"href":"http:\/\/www.alfatecpy.com\/home\/wp-json\/wp\/v2\/media?parent=8732"}],"curies":[{"name":"wp","href":"https:\/\/api.w.org\/{rel}","templated":true}]}}