{"id":7183,"date":"2022-04-29T20:43:25","date_gmt":"2022-04-29T18:43:25","guid":{"rendered":"http:\/\/www.alfatecpy.com\/home\/?post_type=product&#038;p=7183"},"modified":"2022-07-20T13:11:43","modified_gmt":"2022-07-20T11:11:43","slug":"mochila-fotografica-e-image-oscar-b20","status":"publish","type":"product","link":"http:\/\/www.alfatecpy.com\/home\/producto\/mochila-fotografica-e-image-oscar-b20\/","title":{"rendered":"MOCHILA FOTOGRAFICA E-IMAGE OSCAR B20"},"content":{"rendered":"<div id=\"dpx-product-description_feature_div\">\n<div class=\"celwidget\" data-csa-c-id=\"26e6bk-dyc9n7-2r91tk-q3xosr\" data-cel-widget=\"dpx-product-description_csm_instrumentation_wrapper\">\n<div id=\"descriptionAndDetails\" class=\"a-section a-spacing-extra-large\">\n<div id=\"productDescription_feature_div\" class=\"celwidget\" data-feature-name=\"productDescription\" data-csa-c-id=\"p6g8pm-u7pe4y-6tebac-i9pisr\" data-cel-widget=\"productDescription_feature_div\">\n<div>\n<div id=\"productDescription_feature_div\" class=\"a-row feature\" data-feature-name=\"productDescription\" data-template-name=\"productDescription\" data-cel-widget=\"productDescription_feature_div\">\n<div id=\"productDescription\" class=\"a-section a-spacing-small\">\n<p><span>Mochilas de video de la serie Oscar, principalmente hechas de nailon 1680D port\u00e1til a prueba de agua; dise\u00f1o ergon\u00f3mico del hombro trasero, que sea c\u00f3modo de llevar;\u00a0Los divisores interiores extra\u00edbles pueden satisfacer su propia solicitud; la bolsa del tr\u00edpode derecho quitada se puede colocar adelante y usar junto con el monopie, deje sus manos libres.\u00a0Especificaciones Modelo: OSCAR B20 Longitud Compartimiento principal interno: 33&#8243;cm Longitud Tama\u00f1o m\u00e1ximo externo: 54&#8243;cm Ancho Compartimiento principal interno: 16&#8243;cm Ancho Tama\u00f1o m\u00e1ximo externo: 34&#8243;cm Altura Compartimiento principal interno: 45&#8243;cm Altura m\u00e1xima externa .Tama\u00f1o: 58,5&#8243; cm Peso: 4,9 kg Tejido: nailon 1680D resistente al agua Color: negro Caracter\u00edsticas El carro puede facilitar el transporte.\u00a0Los divisores interiores extra\u00edbles pueden satisfacer su propia solicitud.\u00a0El dise\u00f1o ergon\u00f3mico del hombro trasero lo hace c\u00f3modo de llevar.\u00a0El hombro trasero podr\u00eda ocultarse cuando se usa el carro.\u00a0La bolsa del tr\u00edpode derecho quitada se puede colocar adelante y usar junto con el monopie, deje sus manos libres.\u00a0<span class=\"goog-text-highlight\">La rueda podr\u00eda cubrirse al llevar la mochila, eso no ensuciar\u00eda su ropa.<\/span><\/span><\/p>\n<\/div>\n<\/div>\n<\/div>\n<\/div>\n<\/div>\n<\/div>\n<\/div>\n<div id=\"dpx-btf-hlcx-comparison_feature_div\">\n<div class=\"celwidget\" data-csa-c-id=\"92p7nv-v7b19f-qual5s-m6pw3k\" data-cel-widget=\"dpx-btf-hlcx-comparison_csm_instrumentation_wrapper\">\n<div id=\"HLCXComparisonWidget_feature_div\" class=\"celwidget\" data-feature-name=\"HLCXComparisonWidget\" data-csa-c-id=\"w4j4qi-gtvke8-nzn64v-i3nw6h\" data-cel-widget=\"HLCXComparisonWidget_feature_div\"><\/div>\n<\/div>\n<\/div>\n<div id=\"dpx-push-call-chat_feature_div\"><\/div>\n<div id=\"dpx-post-purchase-witb-btf_feature_div\">\n<div class=\"celwidget\" data-csa-c-id=\"dq65ou-wd98uj-2f3s7u-uy4y54\" data-cel-widget=\"dpx-post-purchase-witb-btf_csm_instrumentation_wrapper\">\n<div id=\"postPurchaseWhatsInTheBox_feature_div\" class=\"celwidget\" data-feature-name=\"postPurchaseWhatsInTheBox\" data-csa-c-id=\"kyf0wp-8dikc6-2ou2br-4863m8\" data-cel-widget=\"postPurchaseWhatsInTheBox_feature_div\">\n<div id=\"whatsInTheBoxDeck\" class=\"a-section a-spacing-base celwidget\" data-csa-c-id=\"noj78a-1o2htm-hhvvp-l0u4pz\" data-cel-widget=\"whatsInTheBoxDeck\"><\/div>\n<\/div>\n<\/div>\n<\/div>\n","protected":false},"excerpt":{"rendered":"<p>*Regimen turistico<br \/>\n*No incluye IVA<\/p>\n","protected":false},"featured_media":7184,"comment_status":"open","ping_status":"closed","template":"","meta":[],"_links":{"self":[{"href":"http:\/\/www.alfatecpy.com\/home\/wp-json\/wp\/v2\/product\/7183"}],"collection":[{"href":"http:\/\/www.alfatecpy.com\/home\/wp-json\/wp\/v2\/product"}],"about":[{"href":"http:\/\/www.alfatecpy.com\/home\/wp-json\/wp\/v2\/types\/product"}],"replies":[{"embeddable":true,"href":"http:\/\/www.alfatecpy.com\/home\/wp-json\/wp\/v2\/comments?post=7183"}],"wp:featuredmedia":[{"embeddable":true,"href":"http:\/\/www.alfatecpy.com\/home\/wp-json\/wp\/v2\/media\/7184"}],"wp:attachment":[{"href":"http:\/\/www.alfatecpy.com\/home\/wp-json\/wp\/v2\/media?parent=7183"}],"curies":[{"name":"wp","href":"https:\/\/api.w.org\/{rel}","templated":true}]}}