{"id":604,"date":"2019-05-09T02:30:17","date_gmt":"2019-05-09T00:30:17","guid":{"rendered":"http:\/\/www.alfatecpy.com\/home\/producto\/men-sandisk-extreme-32gb-90mbs-600x-cl10\/"},"modified":"2022-07-18T19:18:44","modified_gmt":"2022-07-18T17:18:44","slug":"men-sandisk-extreme-32gb-90mbs-600x-cl10","status":"publish","type":"product","link":"http:\/\/www.alfatecpy.com\/home\/producto\/men-sandisk-extreme-32gb-90mbs-600x-cl10\/","title":{"rendered":"MEMORIA SANDISK SD 32GB EXTREME 90MB\/S"},"content":{"rendered":"<div class=\"featureHeader_riPByZJPqM\">\n<h2 class=\"text_TAw0W35QK_ comfy_TAw0W35QK_ sizeTitle2_TAw0W35QK_ weightNormal_TAw0W35QK_ primary_i3MsQsqoe0\"><span class=\"\">Caracter\u00edsticas generales<\/span><\/h2>\n<\/div>\n<div>\n<div class=\"\">\n<div class=\"featureHeader_riPByZJPqM\">\n<h3 class=\"text_TAw0W35QK_ comfy_TAw0W35QK_ sizeTitle3_TAw0W35QK_ weightNormal_TAw0W35QK_ primary_i3MsQsqoe0\">Rendimiento y descargas m\u00e1s r\u00e1pidos<\/h3>\n<\/div>\n<div>\n<div class=\"js-injected-html text_riPByZJPqM\">Con velocidades de escritura de hasta 40 MB\/s, esta tarjeta libera todo el potencial de disparo de su c\u00e1mara avanzada o DSLR.\u00a0Aproveche las funciones avanzadas, como tomas de acci\u00f3n r\u00e1pida, modo de r\u00e1faga continua y m\u00faltiples fotogramas por segundo.\u00a0Las fotos se escriben en su tarjeta casi al instante, por lo que obtendr\u00e1 la mejor toma y ahorrar\u00e1 tiempo movi\u00e9ndolo todo de su c\u00e1mara a su computadora.<\/div>\n<\/div>\n<\/div>\n<\/div>\n<div>\n<div class=\"feature_riPByZJPqM\">\n<div class=\"featureHeader_riPByZJPqM\">\n<h3 class=\"text_TAw0W35QK_ comfy_TAw0W35QK_ sizeTitle3_TAw0W35QK_ weightNormal_TAw0W35QK_ primary_i3MsQsqoe0\">Capacidad para fotos y videos de alta resoluci\u00f3n<\/h3>\n<\/div>\n<div>\n<div class=\"js-injected-html text_riPByZJPqM\">Con una capacidad de 32 GB para capturarlo todo, esta tarjeta SanDisk Extreme UHS-I ofrece suficiente espacio para miles de fotos de alta resoluci\u00f3n.\u00a0La tarjeta puede acomodar formatos de imagen de gran volumen, como RAW y JPEG, y tambi\u00e9n brinda mucho espacio para videos Full HD.<\/div>\n<\/div>\n<\/div>\n<\/div>\n<div>\n<div class=\"feature_riPByZJPqM\">\n<div class=\"featureHeader_riPByZJPqM\">\n<h3 class=\"text_TAw0W35QK_ comfy_TAw0W35QK_ sizeTitle3_TAw0W35QK_ weightNormal_TAw0W35QK_ primary_i3MsQsqoe0\">Grabaci\u00f3n de video 4K y Full HD<\/h3>\n<\/div>\n<div>\n<div class=\"js-injected-html text_riPByZJPqM\">Con clasificaciones de video Class 10, UHS Speed \u200b\u200bClass 3 (U3) y V30, estar\u00e1 listo para capturar 4K Ultra HD, 3D con calidad de cine y video Full HD (1080p), que requieren m\u00e1s rendimiento que el que pueden manejar las tarjetas ordinarias.\u00a0<span class=\"goog-text-highlight\">Las velocidades de escritura sostenidas m\u00ednimas aceleradas de esta tarjeta de memoria ayudan a garantizar que los datos de video no se pierdan durante la grabaci\u00f3n, al reducir las interrupciones y la intermitencia.<\/span><\/div>\n<\/div>\n<\/div>\n<\/div>\n<div>\n<div class=\"feature_riPByZJPqM\">\n<div class=\"featureHeader_riPByZJPqM\"><\/div>\n<\/div>\n<\/div>\n","protected":false},"excerpt":{"rendered":"<p>*R\u00e9gimen Tur\u00edstico<br \/>\n*No incluye IVA<\/p>\n","protected":false},"featured_media":19807,"comment_status":"open","ping_status":"closed","template":"","meta":[],"_links":{"self":[{"href":"http:\/\/www.alfatecpy.com\/home\/wp-json\/wp\/v2\/product\/604"}],"collection":[{"href":"http:\/\/www.alfatecpy.com\/home\/wp-json\/wp\/v2\/product"}],"about":[{"href":"http:\/\/www.alfatecpy.com\/home\/wp-json\/wp\/v2\/types\/product"}],"replies":[{"embeddable":true,"href":"http:\/\/www.alfatecpy.com\/home\/wp-json\/wp\/v2\/comments?post=604"}],"wp:featuredmedia":[{"embeddable":true,"href":"http:\/\/www.alfatecpy.com\/home\/wp-json\/wp\/v2\/media\/19807"}],"wp:attachment":[{"href":"http:\/\/www.alfatecpy.com\/home\/wp-json\/wp\/v2\/media?parent=604"}],"curies":[{"name":"wp","href":"https:\/\/api.w.org\/{rel}","templated":true}]}}