{"id":5189,"date":"2022-03-15T15:48:18","date_gmt":"2022-03-15T14:48:18","guid":{"rendered":"http:\/\/www.alfatecpy.com\/home\/?post_type=product&#038;p=5189"},"modified":"2022-05-21T16:49:08","modified_gmt":"2022-05-21T14:49:08","slug":"microfono-boya-by-ws1000","status":"publish","type":"product","link":"http:\/\/www.alfatecpy.com\/home\/producto\/microfono-boya-by-ws1000\/","title":{"rendered":"CASE SISTEMA DE SUSPENSI\u00d3N Y GATO MUERTO BOYA BY-WS1000"},"content":{"rendered":"<p>El\u00a0<b>BOYA BY-WS1000<\/b>\u00a0es un parabrisas dirigible y un sistema de amortiguaci\u00f3n dise\u00f1ado para reducir significativamente el ruido del viento, los golpes y la vibraci\u00f3n para grabadores de sonido, operadores de boom y camar\u00f3grafos que usan micr\u00f3fonos de ca\u00f1\u00f3n.\u00a0Tiene el tama\u00f1o adecuado para contener un solo micr\u00f3fono tipo escopeta de hasta 12,6 \u00abde largo y entre 20 y 22 mm de di\u00e1metro.<\/p>\n","protected":false},"excerpt":{"rendered":"<p>*Regimen turistico<br \/>\n*No incluye IVA<\/p>\n","protected":false},"featured_media":5190,"comment_status":"open","ping_status":"closed","template":"","meta":[],"_links":{"self":[{"href":"http:\/\/www.alfatecpy.com\/home\/wp-json\/wp\/v2\/product\/5189"}],"collection":[{"href":"http:\/\/www.alfatecpy.com\/home\/wp-json\/wp\/v2\/product"}],"about":[{"href":"http:\/\/www.alfatecpy.com\/home\/wp-json\/wp\/v2\/types\/product"}],"replies":[{"embeddable":true,"href":"http:\/\/www.alfatecpy.com\/home\/wp-json\/wp\/v2\/comments?post=5189"}],"wp:featuredmedia":[{"embeddable":true,"href":"http:\/\/www.alfatecpy.com\/home\/wp-json\/wp\/v2\/media\/5190"}],"wp:attachment":[{"href":"http:\/\/www.alfatecpy.com\/home\/wp-json\/wp\/v2\/media?parent=5189"}],"curies":[{"name":"wp","href":"https:\/\/api.w.org\/{rel}","templated":true}]}}