{"id":5118,"date":"2022-03-11T17:21:02","date_gmt":"2022-03-11T16:21:02","guid":{"rendered":"http:\/\/www.alfatecpy.com\/home\/?post_type=product&#038;p=5118"},"modified":"2022-07-15T18:10:23","modified_gmt":"2022-07-15T16:10:23","slug":"godox-ad600-pro","status":"publish","type":"product","link":"http:\/\/www.alfatecpy.com\/home\/producto\/godox-ad600-pro\/","title":{"rendered":"GODOX AD600 PRO"},"content":{"rendered":"<p>Con un sistema X inal\u00e1mbrico de 2,4 GHz con un alcance de hasta 328&#8242;, el flash para exteriores todo en uno Witstro AD600Pro de Godox es una herramienta vers\u00e1til compatible con varios sistemas TTL, incluidos Canon, Nikon, Sony, Fujifilm, Olympus y Panasonic. opciones Ofrece hasta 600 W con nueve pasos de potencia de salida, que van desde 1\/1 a 1\/256, y viene con un potente paquete de bater\u00edas de iones de litio de 28,8 V\/2600 mAh que proporciona hasta 360 flashes de m\u00e1xima potencia en situaciones y ubicaciones al aire libre. tiroteo. Alternativamente, puede hacer funcionar la monoluz con alimentaci\u00f3n de CA con un adaptador opcional.<\/p>\n<p>El AD600Pro Witstro cuenta con un modo de sincronizaci\u00f3n de alta velocidad que funciona con velocidades de obturaci\u00f3n de hasta 1\/8000 segundos, ofreciendo duraciones de flash de 1\/220 a 1\/10,100 segundos. Otra configuraci\u00f3n \u00fanica es su modo de temperatura de color estable, que controla estrictamente el color para mantener los cambios de temperatura dentro de \u00b1 75 K en todo el rango de potencia. A pesar de estas caracter\u00edsticas impresionantes, se las arregla para mantener tiempos de reciclaje bajos en 0.01-0.9 segundos para un uso r\u00e1pido y confiable, y es capaz de hacer 12 estallidos continuos a 1\/16 de potencia de salida. Finalmente, una l\u00e1mpara de modelado de 38 W est\u00e1 disponible para ayudar en la composici\u00f3n.<\/p>\n<p>Sistema inal\u00e1mbrico de 2,4 GHz con un alcance de 328&#8242; (100 m), con cinco grupos esclavos controlables y 32 canales<br \/>\nN\u00famero de gu\u00eda de 285&#8242; (87m) en ISO 100<br \/>\nPuede funcionar como un esclavo \u00f3ptico con los modos S1 y S2<br \/>\nTemperatura de color de 5600K (\u00b1200K)<br \/>\nRanura para cable de sincronizaci\u00f3n de 3,5 mm para conexi\u00f3n directa, puerto de control inal\u00e1mbrico y puerto USB tipo C para actualizaciones de firmware<br \/>\nModos de sincronizaci\u00f3n de primera y segunda cortina<br \/>\nPantalla LCD de matriz de puntos para control a bordo<br \/>\nMontura tipo Bowens para usar con accesorios compatibles<\/p>\n","protected":false},"excerpt":{"rendered":"<p>*Regimen turistico<br \/>\n*No incluye IVA<\/p>\n","protected":false},"featured_media":5119,"comment_status":"open","ping_status":"closed","template":"","meta":[],"_links":{"self":[{"href":"http:\/\/www.alfatecpy.com\/home\/wp-json\/wp\/v2\/product\/5118"}],"collection":[{"href":"http:\/\/www.alfatecpy.com\/home\/wp-json\/wp\/v2\/product"}],"about":[{"href":"http:\/\/www.alfatecpy.com\/home\/wp-json\/wp\/v2\/types\/product"}],"replies":[{"embeddable":true,"href":"http:\/\/www.alfatecpy.com\/home\/wp-json\/wp\/v2\/comments?post=5118"}],"wp:featuredmedia":[{"embeddable":true,"href":"http:\/\/www.alfatecpy.com\/home\/wp-json\/wp\/v2\/media\/5119"}],"wp:attachment":[{"href":"http:\/\/www.alfatecpy.com\/home\/wp-json\/wp\/v2\/media?parent=5118"}],"curies":[{"name":"wp","href":"https:\/\/api.w.org\/{rel}","templated":true}]}}