{"id":3552,"date":"2020-10-14T12:55:59","date_gmt":"2020-10-14T10:55:59","guid":{"rendered":"http:\/\/www.alfatecpy.com\/home\/?post_type=product&#038;p=3552"},"modified":"2022-06-20T15:27:44","modified_gmt":"2022-06-20T13:27:44","slug":"lente-sigma-art-50mm-f-1-4-dg-hsm-f-nikon","status":"publish","type":"product","link":"http:\/\/www.alfatecpy.com\/home\/producto\/lente-sigma-art-50mm-f-1-4-dg-hsm-f-nikon\/","title":{"rendered":"Lente Sigma  Art 50mm f\/1.4 DG HSM F\/ Nikon"},"content":{"rendered":"<p><strong>Descripci\u00f3n general de Sigma 50mm f \/ 1.4 DG HSM Art<\/strong><\/p>\n<p>La lente Nikon F mount Sigma 50mm f \/ 1.4 DG HSM es una lente principal r\u00e1pida de longitud est\u00e1ndar dise\u00f1ada para lograr un alto rendimiento \u00f3ptico mediante la incorporaci\u00f3n de tres elementos de vidrio especial de baja dispersi\u00f3n y un elemento asf\u00e9rico de vidrio moldeado. Estos elementos, junto con un dise\u00f1o \u00f3ptico avanzado, funcionan para minimizar el destello de coma sagital y las aberraciones crom\u00e1ticas para proporcionar una alta nitidez y claridad de imagen. El gran di\u00e1metro y el sistema flotante de la lente tambi\u00e9n ayudan a corregir el vi\u00f1eteado para garantizar un brillo perif\u00e9rico mantenido. Tambi\u00e9n se ha aplicado un recubrimiento s\u00faper m\u00faltiple a los elementos de la lente para reducir los destellos y las im\u00e1genes fantasma para un mayor contraste y fidelidad de color.<\/p>\n<p>Un motor de AF Hyper Sonic, junto con un algoritmo de AF optimizado, produce un rendimiento de enfoque autom\u00e1tico silencioso, suave y r\u00e1pido que beneficia el uso de esta lente en una amplia variedad de situaciones. Este motor AF tambi\u00e9n permite el control de enfoque manual a tiempo completo para una precisi\u00f3n refinada simplemente girando el anillo de enfoque en cualquier momento.<\/p>\n","protected":false},"excerpt":{"rendered":"<p>*R\u00e9gimen Tur\u00edstico<br \/>\n*No incluye IVA<\/p>\n","protected":false},"featured_media":3553,"comment_status":"open","ping_status":"closed","template":"","meta":[],"_links":{"self":[{"href":"http:\/\/www.alfatecpy.com\/home\/wp-json\/wp\/v2\/product\/3552"}],"collection":[{"href":"http:\/\/www.alfatecpy.com\/home\/wp-json\/wp\/v2\/product"}],"about":[{"href":"http:\/\/www.alfatecpy.com\/home\/wp-json\/wp\/v2\/types\/product"}],"replies":[{"embeddable":true,"href":"http:\/\/www.alfatecpy.com\/home\/wp-json\/wp\/v2\/comments?post=3552"}],"wp:featuredmedia":[{"embeddable":true,"href":"http:\/\/www.alfatecpy.com\/home\/wp-json\/wp\/v2\/media\/3553"}],"wp:attachment":[{"href":"http:\/\/www.alfatecpy.com\/home\/wp-json\/wp\/v2\/media?parent=3552"}],"curies":[{"name":"wp","href":"https:\/\/api.w.org\/{rel}","templated":true}]}}