{"id":3009,"date":"2020-08-01T23:09:51","date_gmt":"2020-08-01T21:09:51","guid":{"rendered":"http:\/\/www.alfatecpy.com\/home\/?post_type=product&#038;p=3009"},"modified":"2020-10-15T14:33:12","modified_gmt":"2020-10-15T12:33:12","slug":"livro-mirrorless-a-evolucao-das-cameras-fotograficas-romulo","status":"publish","type":"product","link":"http:\/\/www.alfatecpy.com\/home\/producto\/livro-mirrorless-a-evolucao-das-cameras-fotograficas-romulo\/","title":{"rendered":"Livro Mirrorless A Evolu\u00e7ao das Cameras Fotograficas &#8211; Romulo"},"content":{"rendered":"","protected":false},"excerpt":{"rendered":"<p>*R\u00e9gimen Tur\u00edstico<br \/>\n*No incluye IVA<\/p>\n","protected":false},"featured_media":3304,"comment_status":"open","ping_status":"closed","template":"","meta":[],"_links":{"self":[{"href":"http:\/\/www.alfatecpy.com\/home\/wp-json\/wp\/v2\/product\/3009"}],"collection":[{"href":"http:\/\/www.alfatecpy.com\/home\/wp-json\/wp\/v2\/product"}],"about":[{"href":"http:\/\/www.alfatecpy.com\/home\/wp-json\/wp\/v2\/types\/product"}],"replies":[{"embeddable":true,"href":"http:\/\/www.alfatecpy.com\/home\/wp-json\/wp\/v2\/comments?post=3009"}],"wp:featuredmedia":[{"embeddable":true,"href":"http:\/\/www.alfatecpy.com\/home\/wp-json\/wp\/v2\/media\/3304"}],"wp:attachment":[{"href":"http:\/\/www.alfatecpy.com\/home\/wp-json\/wp\/v2\/media?parent=3009"}],"curies":[{"name":"wp","href":"https:\/\/api.w.org\/{rel}","templated":true}]}}