{"id":2474,"date":"2019-10-05T16:21:00","date_gmt":"2019-10-05T14:21:00","guid":{"rendered":"http:\/\/www.alfatecpy.com\/home\/?post_type=product&#038;p=2474"},"modified":"2022-06-28T14:09:15","modified_gmt":"2022-06-28T12:09:15","slug":"benro-tripode-t600ex","status":"publish","type":"product","link":"http:\/\/www.alfatecpy.com\/home\/producto\/benro-tripode-t600ex\/","title":{"rendered":"BENRO &#8211; Tripode T600EX"},"content":{"rendered":"<p>El <strong>T-600EX<\/strong> es un tr\u00edpode marca <em>Benro<\/em> que se integra con tres secciones en\u00a0las patas, proporcionando una base estable y un montaje m\u00e1s sencillo para el equipo. Estas secciones de las patas tambi\u00e9n promueven una mayor flexibilidad.<\/p>\n<p>Adem\u00e1s de esto, el cabezal de tres v\u00edas ofrece la panor\u00e1mica suave y sin esfuerzo. Con un peso 1.4kg, el tr\u00edpode de c\u00e1mara de Benro T-600EX es ligero en la naturaleza.<\/p>\n<p>Cuando se pliega el Benro T-600EX llega a medir\u00a0una <em><strong>longitud de 47\u00a0cm<\/strong><\/em>, por lo que es muy compacto y c\u00f3modo de llevar en caminatas de larga distancia o extensas expediciones fotogr\u00e1ficas.<\/p>\n<p>Los tr\u00edpodes de la serie T son el compa\u00f1ero perfecto para el fot\u00f3grafo en movimiento.<\/p>\n<div class=\"trix-content\">\n<p>El tr\u00edpode Benro T600EX tiene capacidad para sostener la c\u00e1mara sin vibraciones. Mide una longitud de 470 mm, lo que hace muy compacto y c\u00f3modo de transportar. Tiene un dise\u00f1o de regulaci\u00f3n t\u00edpico del elevador, que ofrece diferentes efectos de amortiguaci\u00f3n. Perfecto para las tomas profesionales con la mejor calidad Benro.<\/p>\n<\/div>\n<p>&nbsp;<\/p>\n<div class=\"trix-content\">\n<p><strong>&#8211; Marca:\u00a0<\/strong>Benro.<\/p>\n<p><strong>&#8211; Modelo:\u00a0<\/strong>T600EX.<\/p>\n<p><strong>&#8211; Material:\u00a0<\/strong>de aluminio y pl\u00e1stico.<\/p>\n<p><strong>&#8211; Secciones:\u00a0<\/strong>3.<\/p>\n<p><strong>&#8211; Dise\u00f1ado para:<\/strong>\u00a0c\u00e1mara de apuntar y disparar<\/p>\n<p><strong>&#8211; Capacidad de carga:<\/strong>\u00a03 kg.<\/p>\n<p><strong>&#8211; Altura m\u00e1xima:<\/strong>\u00a01435 mm.<\/p>\n<p><strong>&#8211; Altura normal:\u00a0<\/strong>1190 mm.<\/p>\n<\/div>\n","protected":false},"excerpt":{"rendered":"<p>R\u00e9gimen Tur\u00edstico<\/p>\n","protected":false},"featured_media":2476,"comment_status":"open","ping_status":"closed","template":"","meta":[],"_links":{"self":[{"href":"http:\/\/www.alfatecpy.com\/home\/wp-json\/wp\/v2\/product\/2474"}],"collection":[{"href":"http:\/\/www.alfatecpy.com\/home\/wp-json\/wp\/v2\/product"}],"about":[{"href":"http:\/\/www.alfatecpy.com\/home\/wp-json\/wp\/v2\/types\/product"}],"replies":[{"embeddable":true,"href":"http:\/\/www.alfatecpy.com\/home\/wp-json\/wp\/v2\/comments?post=2474"}],"wp:featuredmedia":[{"embeddable":true,"href":"http:\/\/www.alfatecpy.com\/home\/wp-json\/wp\/v2\/media\/2476"}],"wp:attachment":[{"href":"http:\/\/www.alfatecpy.com\/home\/wp-json\/wp\/v2\/media?parent=2474"}],"curies":[{"name":"wp","href":"https:\/\/api.w.org\/{rel}","templated":true}]}}