{"id":16213,"date":"2022-06-25T16:23:17","date_gmt":"2022-06-25T14:23:17","guid":{"rendered":"http:\/\/www.alfatecpy.com\/home\/?post_type=product&#038;p=16213"},"modified":"2022-06-25T16:29:02","modified_gmt":"2022-06-25T14:29:02","slug":"lente-yongnuo-yn-35mm-f-1-4-para-canon-ef","status":"publish","type":"product","link":"http:\/\/www.alfatecpy.com\/home\/producto\/lente-yongnuo-yn-35mm-f-1-4-para-canon-ef\/","title":{"rendered":"Lente Yongnuo YN 35mm f\/1.4 para Canon EF"},"content":{"rendered":"<p>Un objetivo gran angular especialmente r\u00e1pido, el Canon EF-mount YN 35mm f\/1.4 de Yongnuo combina el c\u00f3modo campo de visi\u00f3n amplio con una brillante apertura m\u00e1xima de f\/1.4 para adaptarse al trabajo en condiciones de iluminaci\u00f3n dif\u00edciles. El dise\u00f1o \u00f3ptico incorpora dos elementos asf\u00e9ricos, que reducen las aberraciones esf\u00e9ricas y la distorsi\u00f3n, y dos elementos de baja dispersi\u00f3n, que minimizan las aberraciones crom\u00e1ticas y las franjas de color, y los elementos individuales tambi\u00e9n cuentan con un revestimiento multicapa para suprimir los destellos y las im\u00e1genes fantasma para mejorar el contraste y la precisi\u00f3n del color. . Un motor de CC ofrece un rendimiento de enfoque autom\u00e1tico r\u00e1pido y preciso y un interruptor le permite cambiar r\u00e1pidamente entre los m\u00e9todos de enfoque AF y MF. Adem\u00e1s, un puerto micro-USB est\u00e1 integrado en el dise\u00f1o de la lente para permitir la instalaci\u00f3n de actualizaciones de firmware.<\/p>\n<p>Wide-angle prime est\u00e1 dise\u00f1ado para c\u00e1maras DSLR con montura EF de Canon de fotograma completo, sin embargo, tambi\u00e9n se puede usar con modelos APS-C donde proporciona una distancia focal equivalente a 56 mm.<br \/>\nLa apertura m\u00e1xima r\u00e1pida de f\/1.4 ofrece un gran control sobre la profundidad de campo para aislar sujetos y usar el enfoque selectivo, y tambi\u00e9n beneficia trabajar en condiciones de poca luz.<br \/>\nDos elementos asf\u00e9ricos ayudan a minimizar la distorsi\u00f3n y las aberraciones esf\u00e9ricas para una mayor nitidez y una representaci\u00f3n precisa del sujeto.<br \/>\nSe utilizan dos elementos de baja dispersi\u00f3n para reducir las franjas de color y las aberraciones crom\u00e1ticas a fin de lograr una mayor precisi\u00f3n y claridad del color.<br \/>\nLos elementos de vidrio individuales cuentan con un revestimiento multicapa para resistir los destellos y las im\u00e1genes fantasma para mejorar el contraste y la fidelidad del color.<br \/>\nSe utiliza un motor de CC para un rendimiento de enfoque autom\u00e1tico r\u00e1pido y preciso, y un interruptor dedicado le permite cambiar r\u00e1pidamente de control AF a MF. Tambi\u00e9n se incluye una escala de distancia de enfoque para ayudar con las t\u00e9cnicas de enfoque previo.<br \/>\nLa montura de lente de metal cromado es duradera y precisa para un ajuste seguro con el cuerpo de la c\u00e1mara, y los contactos dorados ayudan a garantizar una comunicaci\u00f3n constante entre la lente y la c\u00e1mara.<br \/>\nEl diafragma de siete aspas contribuye a una calidad de bokeh suave.<br \/>\nSe incorpora un puerto micro-USB para actualizar el firmware de la lente.<\/p>\n","protected":false},"excerpt":{"rendered":"<p>*R\u00e9gimen Tur\u00edstico<br \/>\n*No incluye IVA<\/p>\n","protected":false},"featured_media":16219,"comment_status":"open","ping_status":"closed","template":"","meta":[],"_links":{"self":[{"href":"http:\/\/www.alfatecpy.com\/home\/wp-json\/wp\/v2\/product\/16213"}],"collection":[{"href":"http:\/\/www.alfatecpy.com\/home\/wp-json\/wp\/v2\/product"}],"about":[{"href":"http:\/\/www.alfatecpy.com\/home\/wp-json\/wp\/v2\/types\/product"}],"replies":[{"embeddable":true,"href":"http:\/\/www.alfatecpy.com\/home\/wp-json\/wp\/v2\/comments?post=16213"}],"wp:featuredmedia":[{"embeddable":true,"href":"http:\/\/www.alfatecpy.com\/home\/wp-json\/wp\/v2\/media\/16219"}],"wp:attachment":[{"href":"http:\/\/www.alfatecpy.com\/home\/wp-json\/wp\/v2\/media?parent=16213"}],"curies":[{"name":"wp","href":"https:\/\/api.w.org\/{rel}","templated":true}]}}