{"id":13671,"date":"2022-06-09T15:22:16","date_gmt":"2022-06-09T13:22:16","guid":{"rendered":"http:\/\/www.alfatecpy.com\/home\/?post_type=product&#038;p=13671"},"modified":"2022-06-21T14:05:25","modified_gmt":"2022-06-21T12:05:25","slug":"nicefoto-soporte-de-bombilla-de-iluminacion-de-fotografia","status":"publish","type":"product","link":"http:\/\/www.alfatecpy.com\/home\/producto\/nicefoto-soporte-de-bombilla-de-iluminacion-de-fotografia\/","title":{"rendered":"NICEFOTO-SOPORTE DE BOMBILLA DE ILUMINACI\u00d3N DE FOTOGRAF\u00cdA"},"content":{"rendered":"<p>Voltaje nominal: AC110v \/220v Longitud del cable de alimentaci\u00f3n: 3,5 m \u00c1ngulo de iluminaci\u00f3n: 60 \u00b0 Bombilla adecuada: Bombilla diurna E27 (26w\/65w\/85w\/105w\/150w) Control de alimentaci\u00f3n: un interruptor Funci\u00f3n: para fotograf\u00eda Acabado exterior: acabado de pintura negro mate Material: pl\u00e1stico de alta calidad<\/p>\n","protected":false},"excerpt":{"rendered":"<p>*Regimen turistico<br \/>\n*No incluye IVA<\/p>\n","protected":false},"featured_media":13672,"comment_status":"open","ping_status":"closed","template":"","meta":[],"_links":{"self":[{"href":"http:\/\/www.alfatecpy.com\/home\/wp-json\/wp\/v2\/product\/13671"}],"collection":[{"href":"http:\/\/www.alfatecpy.com\/home\/wp-json\/wp\/v2\/product"}],"about":[{"href":"http:\/\/www.alfatecpy.com\/home\/wp-json\/wp\/v2\/types\/product"}],"replies":[{"embeddable":true,"href":"http:\/\/www.alfatecpy.com\/home\/wp-json\/wp\/v2\/comments?post=13671"}],"wp:featuredmedia":[{"embeddable":true,"href":"http:\/\/www.alfatecpy.com\/home\/wp-json\/wp\/v2\/media\/13672"}],"wp:attachment":[{"href":"http:\/\/www.alfatecpy.com\/home\/wp-json\/wp\/v2\/media?parent=13671"}],"curies":[{"name":"wp","href":"https:\/\/api.w.org\/{rel}","templated":true}]}}