{"id":13152,"date":"2022-06-06T15:56:33","date_gmt":"2022-06-06T13:56:33","guid":{"rendered":"http:\/\/www.alfatecpy.com\/home\/?post_type=product&#038;p=13152"},"modified":"2022-07-19T17:43:07","modified_gmt":"2022-07-19T15:43:07","slug":"lente-yongnuo-yn35mm-f2-para-canon-2","status":"publish","type":"product","link":"http:\/\/www.alfatecpy.com\/home\/producto\/lente-yongnuo-yn35mm-f2-para-canon-2\/","title":{"rendered":"LENTE YONGNUO YN35MM F2 PARA CANON"},"content":{"rendered":"<div id=\"description\" class=\"data item content\" role=\"tabpanel\" data-role=\"content\" aria-labelledby=\"tab-label-description\" aria-hidden=\"false\">\n<div class=\"product attribute description\">\n<div class=\"value\">\n<div data-content-type=\"row\" data-appearance=\"contained\" data-element=\"main\">\n<div data-enable-parallax=\"0\" data-parallax-speed=\"0.5\" data-background-images=\"{}\" data-element=\"inner\" data-pb-style=\"6248F66E52094\">\n<div data-content-type=\"html\" data-appearance=\"default\" data-element=\"main\" data-pb-style=\"6248F66E520BB\" data-decoded=\"true\">\n<p>La lente Yongnuo 35mm f\/2 es una lente gran angular dise\u00f1ado para c\u00e1maras r\u00e9flex digitales con montura F de Nikon, es una lente r\u00e1pida y de gran apertura para las c\u00e1maras Nikon DSLR. Tiene una distancia focal de 25 cm, modo de enfoque autom\u00e1tico y manual, apertura circular de 7 hojas. Los elementos de vidrio multicapa reducen los efectos de destello de lente y efecto fantasma para un mayor contraste y una precisi\u00f3n de color mantenida. La apertura m\u00e1xima f\/2 brillante beneficia el trabajo en varias condiciones de iluminaci\u00f3n y ayuda al control de enfoque. La distancia focal es amplia en situaciones en las que se mueve la c\u00e1mara y permite enfocar el objetivo correctamente, muchos fot\u00f3grafos usan lente 35mm para crear videos donde se logra excelente toma de video. Este objetivo est\u00e1 dise\u00f1ado para r\u00e9flex digitales Nikon con montura F de formato FX, esta lente tambi\u00e9n se puede usar con r\u00e9flex digitales de formato DX donde proporcionar\u00e1 una distancia focal equivalente a 52.5mm.<\/p>\n<\/div>\n<\/div>\n<\/div>\n<\/div>\n<\/div>\n<\/div>\n<div id=\"tab-label-additional\" class=\"data item title\" tabindex=\"0\" role=\"tab\" aria-labeledby=\"tab-label-additional-title\" data-role=\"collapsible\" data-collapsible=\"true\" aria-controls=\"additional\" aria-selected=\"false\" aria-expanded=\"false\"><\/div>\n","protected":false},"excerpt":{"rendered":"<p>*R\u00e9gimen Tur\u00edstico<br \/>\n*No incluye IVA<\/p>\n","protected":false},"featured_media":19717,"comment_status":"open","ping_status":"closed","template":"","meta":[],"_links":{"self":[{"href":"http:\/\/www.alfatecpy.com\/home\/wp-json\/wp\/v2\/product\/13152"}],"collection":[{"href":"http:\/\/www.alfatecpy.com\/home\/wp-json\/wp\/v2\/product"}],"about":[{"href":"http:\/\/www.alfatecpy.com\/home\/wp-json\/wp\/v2\/types\/product"}],"replies":[{"embeddable":true,"href":"http:\/\/www.alfatecpy.com\/home\/wp-json\/wp\/v2\/comments?post=13152"}],"wp:featuredmedia":[{"embeddable":true,"href":"http:\/\/www.alfatecpy.com\/home\/wp-json\/wp\/v2\/media\/19717"}],"wp:attachment":[{"href":"http:\/\/www.alfatecpy.com\/home\/wp-json\/wp\/v2\/media?parent=13152"}],"curies":[{"name":"wp","href":"https:\/\/api.w.org\/{rel}","templated":true}]}}