{"id":12204,"date":"2022-05-31T18:56:57","date_gmt":"2022-05-31T16:56:57","guid":{"rendered":"http:\/\/www.alfatecpy.com\/home\/?post_type=product&#038;p=12204"},"modified":"2022-06-21T14:20:11","modified_gmt":"2022-06-21T12:20:11","slug":"grip-nikon-mb-d16","status":"publish","type":"product","link":"http:\/\/www.alfatecpy.com\/home\/producto\/grip-nikon-mb-d16\/","title":{"rendered":"GRIP NIKON  MB-D16 PARA D750 DSLR,"},"content":{"rendered":"<div class=\"title_L6kDdYKxLS\">\n<h2 class=\"text_TAw0W35QK_ comfy_TAw0W35QK_ sizeTitle1_TAw0W35QK_ weightNormal_TAw0W35QK_ primary_i3MsQsqoe0\" data-selenium=\"overviewProductTitle\"><span>Descripci\u00f3n general\u00a0de Nikon MB-D16<\/span><\/h2>\n<\/div>\n<div class=\"overviewContent_L6kDdYKxLS\">\n<article class=\"content_L6kDdYKxLS\">\n<div>\n<div class=\"productDescription_riPByZJPqM\" data-selenium=\"overviewLongDescription\">\n<div class=\"js-injected-html text_riPByZJPqM\">\n<p><span><span class=\"goog-text-highlight\">Dedicado a la\u00a0<\/span><\/span><b><span><span class=\"goog-text-highlight\">Nikon<\/span><\/span><\/b><span><span class=\"goog-text-highlight\">\u00a0D750 DSLR, el\u00a0<\/span><\/span><b><span><span class=\"goog-text-highlight\">MB-D16 Multi Battery Power Pack<\/span><\/span><\/b><span><span class=\"goog-text-highlight\">\u00a0ofrece tanto capacidades de manejo mejoradas como una mayor duraci\u00f3n de la bater\u00eda mientras se dispara.\u00a0<\/span>Acepta un paquete de bater\u00edas de iones de litio EN-EL15 adicional para aumentar la vida \u00fatil de la bater\u00eda de la c\u00e1mara o, alternativamente, se pueden usar seis bater\u00edas AA junto con el soporte de bater\u00eda AA MS-D14 incluido.\u00a0El dise\u00f1o de la empu\u00f1adura mejora la captura en orientaci\u00f3n vertical y tambi\u00e9n proporciona una estructura general m\u00e1s ergon\u00f3mica para sujetar la D750.\u00a0Un bot\u00f3n disparador adicional, un bot\u00f3n de bloqueo AE\/AF, un multiselector y diales de control principal y secundario est\u00e1n todos incorporados en el dise\u00f1o de la empu\u00f1adura para beneficiar un manejo m\u00e1s natural e intuitivo.<\/span><\/p>\n<\/div>\n<\/div>\n<\/div>\n<\/article>\n<\/div>\n","protected":false},"excerpt":{"rendered":"<p>*Regimen turistico<br \/>\n*No incluye IVA<\/p>\n","protected":false},"featured_media":12205,"comment_status":"open","ping_status":"closed","template":"","meta":[],"_links":{"self":[{"href":"http:\/\/www.alfatecpy.com\/home\/wp-json\/wp\/v2\/product\/12204"}],"collection":[{"href":"http:\/\/www.alfatecpy.com\/home\/wp-json\/wp\/v2\/product"}],"about":[{"href":"http:\/\/www.alfatecpy.com\/home\/wp-json\/wp\/v2\/types\/product"}],"replies":[{"embeddable":true,"href":"http:\/\/www.alfatecpy.com\/home\/wp-json\/wp\/v2\/comments?post=12204"}],"wp:featuredmedia":[{"embeddable":true,"href":"http:\/\/www.alfatecpy.com\/home\/wp-json\/wp\/v2\/media\/12205"}],"wp:attachment":[{"href":"http:\/\/www.alfatecpy.com\/home\/wp-json\/wp\/v2\/media?parent=12204"}],"curies":[{"name":"wp","href":"https:\/\/api.w.org\/{rel}","templated":true}]}}