{"id":12194,"date":"2022-05-31T18:49:39","date_gmt":"2022-05-31T16:49:39","guid":{"rendered":"http:\/\/www.alfatecpy.com\/home\/?post_type=product&#038;p=12194"},"modified":"2022-06-21T14:20:26","modified_gmt":"2022-06-21T12:20:26","slug":"grip-nikon-mb-d11","status":"publish","type":"product","link":"http:\/\/www.alfatecpy.com\/home\/producto\/grip-nikon-mb-d11\/","title":{"rendered":"GRIP NIKON MB-D11  D7000"},"content":{"rendered":"<div class=\"title_L6kDdYKxLS\">\n<h2 class=\"text_TAw0W35QK_ comfy_TAw0W35QK_ sizeTitle1_TAw0W35QK_ weightNormal_TAw0W35QK_ primary_i3MsQsqoe0\" data-selenium=\"overviewProductTitle\"><span>Descripci\u00f3n general\u00a0de Nikon MB-D11<\/span><\/h2>\n<\/div>\n<div class=\"overviewContent_L6kDdYKxLS\">\n<article class=\"content_L6kDdYKxLS\">\n<div>\n<div class=\"productDescription_riPByZJPqM\" data-selenium=\"overviewLongDescription\">\n<div class=\"js-injected-html text_riPByZJPqM\">\n<p><span>Utilice este\u00a0<\/span><b><span>paquete de bater\u00eda multialimentaci\u00f3n MB-D11 de Nikon<\/span><\/b><span>\u00a0para mejorar las capacidades de manejo o para prolongar la duraci\u00f3n de la bater\u00eda de su D7000.\u00a0Este paquete de bater\u00edas acepta una bater\u00eda de iones de litio EN-EL15 o seis bater\u00edas R6\/AA.\u00a0<span class=\"goog-text-highlight\">El dise\u00f1o de la empu\u00f1adura mejora el tiro vertical.\u00a0<\/span>Un bot\u00f3n disparador adicional y diales secundarios est\u00e1n incorporados en su dise\u00f1o para un manejo m\u00e1s intuitivo.<\/span><\/p>\n<\/div>\n<\/div>\n<\/div>\n<\/article>\n<\/div>\n","protected":false},"excerpt":{"rendered":"<p>*Regimen turistico<br \/>\n*No incluye IVA<\/p>\n","protected":false},"featured_media":12195,"comment_status":"open","ping_status":"closed","template":"","meta":[],"_links":{"self":[{"href":"http:\/\/www.alfatecpy.com\/home\/wp-json\/wp\/v2\/product\/12194"}],"collection":[{"href":"http:\/\/www.alfatecpy.com\/home\/wp-json\/wp\/v2\/product"}],"about":[{"href":"http:\/\/www.alfatecpy.com\/home\/wp-json\/wp\/v2\/types\/product"}],"replies":[{"embeddable":true,"href":"http:\/\/www.alfatecpy.com\/home\/wp-json\/wp\/v2\/comments?post=12194"}],"wp:featuredmedia":[{"embeddable":true,"href":"http:\/\/www.alfatecpy.com\/home\/wp-json\/wp\/v2\/media\/12195"}],"wp:attachment":[{"href":"http:\/\/www.alfatecpy.com\/home\/wp-json\/wp\/v2\/media?parent=12194"}],"curies":[{"name":"wp","href":"https:\/\/api.w.org\/{rel}","templated":true}]}}