{"id":12170,"date":"2022-05-31T18:25:53","date_gmt":"2022-05-31T16:25:53","guid":{"rendered":"http:\/\/www.alfatecpy.com\/home\/?post_type=product&#038;p=12170"},"modified":"2022-06-21T14:26:08","modified_gmt":"2022-06-21T12:26:08","slug":"grip-canon-bg-e7","status":"publish","type":"product","link":"http:\/\/www.alfatecpy.com\/home\/producto\/grip-canon-bg-e7\/","title":{"rendered":"GRIP CANON BG-E7 PARA EOS 7D"},"content":{"rendered":"<p><span>La\u00a0<\/span><strong><span>Canon Battery Grip BG-E7<\/span><\/strong><span>\u00a0es una empu\u00f1adura de bater\u00eda opcional dise\u00f1ada espec\u00edficamente para la Canon EOS 7D.\u00a0Permite a los usuarios cargar una o dos bater\u00edas LP-E6 (no incluidas).\u00a0Con dos paquetes, la ya impresionante duraci\u00f3n de la bater\u00eda se duplica, en comparaci\u00f3n con el uso de un solo paquete LP-E6 en la c\u00e1mara.\u00a0<span class=\"goog-text-highlight\">Esto es especialmente \u00fatil cuando se aprovecha el modo de pel\u00edcula de la c\u00e1mara o el modo de Vista en vivo, modos operativos que usan m\u00e1s energ\u00eda.\u00a0<\/span>Adem\u00e1s, con el cargador de pilas incluido, tambi\u00e9n puede alimentar la c\u00e1mara con seis pilas AA.<\/span><\/p>\n<p><span>Adem\u00e1s, la BG-E7 proporciona controles completos de disparo vertical, que se pueden activar o desactivar de forma independiente seg\u00fan las necesidades del fot\u00f3grafo para mejorar el manejo de la c\u00e1mara, especialmente para capturar im\u00e1genes verticales.<\/span><\/p>\n","protected":false},"excerpt":{"rendered":"<p>*Regimen turistico<br \/>\n*No incluye IVA<\/p>\n","protected":false},"featured_media":12171,"comment_status":"open","ping_status":"closed","template":"","meta":[],"_links":{"self":[{"href":"http:\/\/www.alfatecpy.com\/home\/wp-json\/wp\/v2\/product\/12170"}],"collection":[{"href":"http:\/\/www.alfatecpy.com\/home\/wp-json\/wp\/v2\/product"}],"about":[{"href":"http:\/\/www.alfatecpy.com\/home\/wp-json\/wp\/v2\/types\/product"}],"replies":[{"embeddable":true,"href":"http:\/\/www.alfatecpy.com\/home\/wp-json\/wp\/v2\/comments?post=12170"}],"wp:featuredmedia":[{"embeddable":true,"href":"http:\/\/www.alfatecpy.com\/home\/wp-json\/wp\/v2\/media\/12171"}],"wp:attachment":[{"href":"http:\/\/www.alfatecpy.com\/home\/wp-json\/wp\/v2\/media?parent=12170"}],"curies":[{"name":"wp","href":"https:\/\/api.w.org\/{rel}","templated":true}]}}