{"id":11996,"date":"2022-05-30T17:39:20","date_gmt":"2022-05-30T15:39:20","guid":{"rendered":"http:\/\/www.alfatecpy.com\/home\/?post_type=product&#038;p=11996"},"modified":"2022-06-21T14:26:35","modified_gmt":"2022-06-21T12:26:35","slug":"empunadura-de-bateria-canon-bg-e6","status":"publish","type":"product","link":"http:\/\/www.alfatecpy.com\/home\/producto\/empunadura-de-bateria-canon-bg-e6\/","title":{"rendered":"EMPU\u00d1ADURA DE BATER\u00cdA CANON BG-E6"},"content":{"rendered":"<p><span>La\u00a0<\/span><strong><span>Canon Battery Grip BG-E6<\/span><\/strong><span>\u00a0es una empu\u00f1adura de bater\u00eda opcional dise\u00f1ada espec\u00edficamente para la Canon EOS 5D Mark II.\u00a0<span class=\"goog-text-highlight\">Permite a los usuarios cargar una opci\u00f3n de uno o dos paquetes de bater\u00edas LP-E6.\u00a0<\/span>Con dos paquetes, la ya impresionante duraci\u00f3n de la bater\u00eda se duplica, en comparaci\u00f3n con el uso de un solo paquete LP-E6 en la c\u00e1mara.\u00a0Esto es especialmente \u00fatil cuando se aprovecha el modo de pel\u00edcula de la c\u00e1mara o el modo de Vista en vivo, modos operativos que usan m\u00e1s energ\u00eda.\u00a0Adem\u00e1s, con el cargador de bater\u00eda BGM-E6 incluido, tambi\u00e9n puede hacer funcionar la c\u00e1mara con seis bater\u00edas AA.<\/span><\/p>\n<p><span>Adem\u00e1s, la BG-E6 proporciona controles completos de disparo vertical, que se pueden activar o desactivar de forma independiente seg\u00fan las necesidades del fot\u00f3grafo para mejorar el manejo de la c\u00e1mara, especialmente para capturar im\u00e1genes verticales.<\/span><\/p>\n<p><em><strong><span>Nota:<\/span><\/strong><span>\u00a0La empu\u00f1adura de bater\u00eda BG-E4 para la EOS 5D anterior no es compatible con la c\u00e1mara EOS 5D Mark II<\/span><\/em><\/p>\n","protected":false},"excerpt":{"rendered":"<p>*R\u00e9gimen Tur\u00edstico<br \/>\n*No incluye IVA<\/p>\n","protected":false},"featured_media":11997,"comment_status":"open","ping_status":"closed","template":"","meta":[],"_links":{"self":[{"href":"http:\/\/www.alfatecpy.com\/home\/wp-json\/wp\/v2\/product\/11996"}],"collection":[{"href":"http:\/\/www.alfatecpy.com\/home\/wp-json\/wp\/v2\/product"}],"about":[{"href":"http:\/\/www.alfatecpy.com\/home\/wp-json\/wp\/v2\/types\/product"}],"replies":[{"embeddable":true,"href":"http:\/\/www.alfatecpy.com\/home\/wp-json\/wp\/v2\/comments?post=11996"}],"wp:featuredmedia":[{"embeddable":true,"href":"http:\/\/www.alfatecpy.com\/home\/wp-json\/wp\/v2\/media\/11997"}],"wp:attachment":[{"href":"http:\/\/www.alfatecpy.com\/home\/wp-json\/wp\/v2\/media?parent=11996"}],"curies":[{"name":"wp","href":"https:\/\/api.w.org\/{rel}","templated":true}]}}